2*v + 6. Is d(r) a prime number?
False
Is (19 + -12 - 11)/(12/(-33897)) composite?
False
Let q(r) = 11 - 35*r + 33 + 918*r + 22 - 5. Is q(4) prime?
True
Suppose -4*p + 373727 = 21591. Is p prime?
False
Is (-528)/36 + 15 - -13*20870/3 a composite number?
False
Let m = -27908 + 48757. Is m a composite number?
False
Suppose 0*d - 4*p + 139547 = 3*d, -46517 = -d - p. Suppose 22*a - 16 = 18*a, 0 = -5*f - 4*a + d. Is f a composite number?
True
Let q(w) = 11 - 93 + 48*w - 105*w - 57 + 521*w. Is q(23) a prime number?
False
Let z(g) = -g**3 + 3*g**2 + 3. Let v be z(3). Suppose 0 = v*x - 15 + 12, -2*b = 2*x - 1404. Is b composite?
False
Let c(p) = 332*p**2 - 1. Suppose -99*v = -101*v + 6. Let q = -4 + v. Is c(q) prime?
True
Let y = -210852 - -297879. Is y a composite number?
True
Let f = -4093 - -9913. Suppose 4*q = -k + f, 5*q + 3*k - 4*k = 7266. Let c = q + -615. Is c a composite number?
False
Let u(i) = 22444*i - 4151. Is u(15) a composite number?
False
Suppose -4543 = -2*a - 9*v + 10*v, 5*a + 3*v - 11341 = 0. Suppose 4*o = 1902 + a. Is o composite?
True
Let s = -557 - -590. Suppose 97418 = -s*j + 562553. Is j a composite number?
True
Let a = -53 + 93. Let y = -31 + a. Let i = 32 - y. Is i composite?
False
Let r(b) = 1612*b**2 - 11*b - 34. Is r(-3) composite?
True
Suppose 215*z - 6758254 - 260851 = 0. Is z a composite number?
False
Is 84733 - (492 - -2)/19 a composite number?
True
Let n(q) = 3*q**2 + 25*q - 113. Is n(22) a composite number?
False
Suppose 0 = i + 2, 5962 = 5*g + 2*i - 7964. Let r = g - 1509. Is r a composite number?
False
Let y(t) = -7 + 6*t + 9*t + 52*t**2 - 48*t**2 - 7. Is y(-27) a prime number?
False
Let a(v) = -v**3 - 11*v**2 + 7. Let f be a(-11). Suppose -f*j = -5*j - 586. Is j a composite number?
False
Suppose 60*t - 23*t = 29781072 + 19594429. Is t prime?
False
Suppose -2*k + 4*z = -30133 - 138981, 3*z = 2*k - 169115. Is k a prime number?
True
Let m be 1529/(3*(-1)/3). Let y = m + 663. Let s = y - -1653. Is s prime?
True
Is (-2 - -4)/(138/(-92)*4/(-26823)) prime?
True
Is 2/4*(2 + -10 + 112170) a composite number?
False
Let o = 258 + -263. Is (11 + o)/(-2) - (-342 - -2) composite?
False
Let n(v) = -80928*v + 1969. Is n(-14) prime?
True
Let z be 0 - 3993*(-4)/12*-3. Let i = z + 6074. Is i a prime number?
True
Let b(o) = 90*o**3 - o**2 + o + 3. Let w(k) = -k**3 - 2*k**2 - k - 5. Let g be w(-2). Let i be b(g). Is (i + 13)*1/(-2) composite?
False
Suppose 2*i = 9*i - 1288. Let w = i - -825. Is w a prime number?
True
Let p(h) = 189*h + 369. Let t be p(-2). Let o(b) = 6*b**3 + 17*b**2 - 4*b + 11. Let r(q) = q**3 + q**2 - 1. Let w(l) = o(l) - 5*r(l). Is w(t) a prime number?
False
Let m(j) = 23*j - 39. Let b = -126 - -134. Is m(b) a composite number?
True
Let u = -119 - -123. Suppose -5451 + 15213 = 2*m - 5*a, -u*m + 19480 = a. Is m composite?
False
Let b(w) be the first derivative of -115*w**2/2 - 327*w - 131. Is b(-22) a prime number?
True
Let d = 68 - 66. Suppose d*w - 1617 = -3*v, 2*v + 8*w - 9*w - 1071 = 0. Is v prime?
False
Let u(g) be the first derivative of 139*g**7/840 + g**6/90 - g**4/6 + 22*g**3/3 - 1. Let x(h) be the third derivative of u(h). Is x(3) a prime number?
False
Suppose 22*r + 4799235 = 26*r + 11*r. Is r a composite number?
True
Suppose -507 = -5*k + 5*w - w, 3*k + w = 311. Let t(r) = 17 - 6 + k*r - 7 - 9. Is t(4) a prime number?
False
Let w be 45/120 + 5 + 450/(-48). Let b(j) = j**3 - j. Let y(m) = 19*m**3 - 6*m**2 - 10*m - 7. Let t(z) = 6*b(z) - y(z). Is t(w) prime?
True
Let g = 435554 - 257907. Is g composite?
False
Let r(u) = 3*u**2 - u + 1. Let f = 22 + -23. Let a be r(f). Suppose v = -a*p + 558, 3*v = 4*v - 4*p - 549. Is v prime?
False
Let t be 2/8 + -1 + 1311/4. Let y = 3312 + t. Is y a prime number?
False
Let s(t) = 0*t**2 - 5*t**2 + 2*t**2 + t**3 + 3*t + 0*t**3. Let v be s(3). Suppose -v*z + 4*z + 230 = 0. Is z prime?
False
Let l(i) = 269*i**2 - 3*i + 9. Let z be (8/(-14))/(11 + 632/(-56)). Is l(z) a prime number?
False
Let w(s) = 391*s**2 - 6*s - 11. Let v(p) be the first derivative of -p**3 + 3*p**2 + 7*p + 7. Let d be v(-1). Is w(d) prime?
False
Suppose -3*n = -5*y + 25, -5 = -8*y + 7*y + n. Suppose 53239 = y*c - 67116. Is c composite?
False
Is (-15745563)/(-108)*-30*(-2)/3 prime?
False
Suppose 129044 = 13*v - 9*v. Suppose -5*c - 4*r = -v, -c + r + 6433 = -3*r. Is c a composite number?
False
Let r = 11544 + 22129. Is r prime?
False
Let n = 191860 - 54323. Is n composite?
False
Let w = 709 + 2704. Is w a prime number?
True
Suppose 5824 = 56*u - 43*u. Suppose u = k - 6. Is k prime?
False
Suppose 0 = -4*c - 20, -2*c - c - 139 = -4*r. Let w be (345/(-10))/((-3)/52). Suppose -q + r = -w. Is q prime?
False
Let n be (-1)/(-2) - 368/(-32). Suppose -v = 3*t - 10, -v + n = 2*v. Suppose -t*b + 3*h = -151, 3*h - 1 = 2. Is b composite?
True
Let l(s) be the first derivative of -23*s**2 + 19*s + 5. Suppose -2 = -i, -u + 4*i - 10 = i. Is l(u) a prime number?
False
Let v(h) = -242*h**2 + h - 1. Let n(a) = a - 10. Let d be n(11). Let b be v(d). Let z = b - -427. Is z a prime number?
False
Let n(t) = 4*t - 6*t + 3*t. Let o(b) = -99*b. Let c(y) = -2*n(y) - o(y). Is c(2) prime?
False
Suppose y + 864 = 315. Let z = 787 + y. Suppose 3*j + z = 5*j. Is j composite?
True
Let i(o) = -208*o**2 - 5*o - 5. Suppose 7*u - 26 = 23. Let n be i(u). Let g = n - -21259. Is g a composite number?
False
Let d be 4548/(-1)*6/(-4). Is (10/30)/(2/d) prime?
False
Suppose -7*m - 1336493 = -2*k, k - 937748 + 269507 = -2*m. Is k a composite number?
False
Is 7 + (-47)/(141/(-786888)) prime?
True
Let a(q) = 4912*q**3 + 9*q**2 - 16*q - 58. Is a(3) a prime number?
False
Let h(f) = -13656*f**3 + 6*f**2 - 4*f + 1. Let z(t) = -13657*t**3 + 7*t**2 - 5*t + 1. Let o(b) = 7*h(b) - 6*z(b). Is o(-1) a prime number?
True
Let k be (136 - (4 + -3)) + 0. Suppose k - 1203 = -6*v. Is v prime?
False
Suppose 0 = 5*d + 25, 2*y - 5*d - 33639 = -0*y. Suppose 4*u = 2869 + y. Is u composite?
False
Let x(u) = 10812*u**2 - 12*u - 41. Is x(-4) prime?
True
Is 11801031/11 + (-32)/24*6 a composite number?
True
Suppose -5*o + 2011711 = 4*v, 17*v - 5*o = 13*v + 2011641. Is v a composite number?
False
Let z = -263 - -262. Is ((7 - -2) + 3926)/(0 - z) composite?
True
Suppose 0 = -17*n + 297498 + 20800 + 31409. Is n a prime number?
False
Suppose -4 = -4*d, -13*v + 10*v + 135425 = -4*d. Is v a composite number?
True
Let t = -70 + 118. Let s be 93/t*4*188. Suppose 3*i = s + 1906. Is i prime?
False
Suppose -f = -4*u + 18813, -3*u - f - 4701 = -4*u. Suppose 0 = 5*w + z - 26495, -4*z + 595 = w - u. Is w a composite number?
True
Let v(b) = 64*b**2 + 25*b + 11. Let k(t) = -32*t**2 - 12*t - 5. Let s(y) = -9*k(y) - 4*v(y). Is s(13) composite?
True
Suppose -2*k - 3*m + 2 = 6, -5*k + 5*m + 15 = 0. Let g(y) = 1103*y - 9. Is g(k) prime?
False
Suppose 34 = 4*c + 2. Suppose 638 = c*i - 2202. Let a = 941 - i. Is a composite?
True
Is 7*1453686/182*(2 - 5/3) prime?
True
Suppose 8*z = -14 + 150. Suppose -10*q = -z*q + 104461. Is q a prime number?
True
Let x = -78 + -18. Let h = -19 - x. Is h a composite number?
True
Suppose 7*s + 10*s + 593624 = 5408143. Is s a prime number?
True
Suppose 8*u + 24 - 344 = 0. Suppose 9564 = -34*r + u*r. Is r a composite number?
True
Suppose 838 = o - d - 127, 0 = -o - 2*d + 971. Is o composite?
False
Suppose -4*t = 2*h - 182352, -10*t + 9*t = 2*h - 45591. Is t a composite number?
False
Suppose 0 = 5*f - 2*u - 243533, u + 48703 = 49*f - 48*f. Is f a prime number?
False
Is ((-4)/(-12))/((-90)/(-44914230)) prime?
True
Let z(h) = 5*h**3 + 42*h**2 - 303*h - 7. Is z(6) a composite number?
True
Let x be (-6)/2*(-8 - 220/(-30)). Suppose -3*v + 2*l - l = -2, -10 = -2*v + 5*l. Suppose x*g = 5*b - 7615, v*b + g = 2*b - 3046. Is b a prime number?
True
Suppose -i - 11 - 9 = -4*h, 15 = 3*h + 3*i. Let x(v) = 125*v + 72. Is x(h) prime?
False
Let i = 49 + -40. Let j(s) = 12*s + 22. Let c be j(i). Suppose c*x + 2395 = 135*x. Is x a prime number?
True
Let r be (7*(-20)/(-105))/(4/(-10842)). Let u = 7701 + r. Is u prime?
False
Suppose 0 = -5*y - 5*a + 55, 4*a - 4 + 2 = 3*y. Suppose 10*z = y*z + 1256. Is z a prime number?
False
Suppose -1631951 - 5773601 = -100*f - 76*f. Is f a composite number?
True
Let b be (-3)/36*-2 - (-36070)/12. Let g = b + -977. Is g composite?
False
Suppose -5*b - 